Resums Climàtics NOAA

Selecciona un any o mes per veure el resum
2019: Gen Feb Mar abr Mai Jun jul Ago Set Oct Nov Des
2018: Gen Feb Mar abr Mai Jun jul Ago Set Oct Nov Des
2017: Gen Feb Mar abr Mai Jun jul Ago Set Oct Nov Des
2016: Gen Feb Mar abr Mai Jun jul Ago Set Oct Nov Des

Resum 2016 Gener
                   MONTHLY CLIMATOLOGICAL SUMMARY for JAN. 2016

NAME: OAC_MPCA10   CITY: Corbera de Llobregat   STATE: Catalunya 
ELEV:   260 m  LAT:  41° 24' 34" N  LONG:   1° 55' 10" E

                   TEMPERATURE (°C), RAIN  (mm), WIND SPEED (km/hr)

                                      HEAT  COOL        AVG
    MEAN                              DEG   DEG         WIND                 DOM
DAY TEMP  HIGH   TIME   LOW    TIME   DAYS  DAYS  RAIN  SPEED HIGH   TIME    DIR
------------------------------------------------------------------------------------
 1  10.3  14.4   13:00   6.3    2:00   8.0   0.0   0.3   2.1  24.1   21:30    NE
 2  10.9  14.4   13:30   6.1   00:00   7.4   0.0   2.0   2.9  22.5   14:00     W
 3   9.6  13.1   13:30   6.1    0:30   8.7   0.0   0.0   3.1  25.7   17:30    NE
 4  10.3  12.8   10:30   8.5    7:00   8.0   0.0   1.0   1.8  19.3   21:00     W
 5   8.8  13.1   11:30   6.1    7:00   9.5   0.0   0.0   1.9  17.7   12:00    NW
 6   8.7  11.8   12:30   5.8    1:00   9.6   0.0   0.0   6.3  43.5    9:00     W
 7  14.4  18.7   13:00   7.2    5:30   3.9   0.0   0.0   6.4  40.2    7:30   NNE
 8  16.6  21.7   12:30  11.9   21:00   2.3   0.6   0.0   4.3  32.2    0:30    NE
 9  14.2  17.2   14:00  11.3    7:00   4.1   0.0   0.0   3.2  29.0   22:00   NNW
10  14.1  16.5   12:00  11.1    5:00   4.2   0.0   0.0   8.2  37.0   12:00    NE
11  13.2  16.5   11:30  10.2   19:30   5.1   0.0   0.8   8.4  37.0    2:30    NE
12  10.1  13.2   13:30   7.2   00:00   8.2   0.0   0.0   6.6  33.8    1:30     W
13   8.1  12.7   12:00   4.2    4:30  10.2   0.0   0.0   3.2  27.4   19:30    NE
14  10.2  13.7   12:30   7.8    7:30   8.2   0.0   0.0   3.2  24.1    3:30   NNW
15   7.3  10.8   11:00   3.6   00:00  11.0   0.0   0.0   1.4  22.5   20:30     W
16   5.3  10.8   12:30   1.6    7:00  13.0   0.0   0.0   2.6  22.5    9:00     W
17   5.4  10.9   12:00   0.1    7:30  12.9   0.0   0.0   1.4  20.9    1:00     E
18   6.9  12.7   12:30   2.5    1:30  11.4   0.0   0.0   0.8  20.9   11:30     E
19   6.2  11.7   12:30   1.8    3:30  12.1   0.0   0.0   1.1  19.3   13:30     E
20   7.2  14.2   12:00   2.1    3:30  11.1   0.0   0.0   1.3  12.9   11:00     E
21   6.4  13.8   13:30   1.6    5:00  11.8   0.0   0.0   1.6  19.3   14:00     E
22   8.3  14.2   12:30   2.6    5:00  10.0   0.0   0.3   1.4  20.9   11:00     E
23  10.9  18.1   14:30   6.6    6:30   7.3   0.0   0.0   1.4  12.9   12:30     E
24   9.9  12.7   14:30   6.1    5:30   8.3   0.0   0.0   0.3   9.7    0:30     E
25  11.9  15.6   14:00  10.2    2:30   6.3   0.0   0.0   1.4  19.3   10:30    NE
26  11.5  16.9   14:30   7.7   00:00   6.8   0.0   0.0   1.0  17.7   11:30    NE
27  11.0  18.1   13:30   5.6    6:00   7.3   0.0   0.3   1.9  24.1   10:00    NE
28  11.0  16.9   14:30   6.9    4:00   7.3   0.0   0.3   1.0  14.5   11:00    NE
29  10.3  13.5   14:00   8.4    7:00   8.0   0.0   0.0   0.6  12.9    1:00     E
30  10.0  14.9   14:30   5.5   23:30   8.3   0.0   0.0   1.8  19.3   10:00     E
31  10.5  15.1   13:00   5.4    2:00   7.8   0.0   0.0   1.8  22.5   13:30    SE
-------------------------------------------------------------------------------------
    10.0  21.7     8     0.1    17   258.2   0.6   4.8   2.7  43.5     6       E

Max >=  32.0:  0
Max <=   0.0:  0
Min <=   0.0:  0
Min <= -18.0:  0
Max Rain: 2.03 ON 02/01/16
Days of Rain: 7 (> .2 mm) 1 (> 2 mm) 0 (> 20 mm)
Heat Base:  18.3  Cool Base:  18.3  Method: Integration