Resums Climàtics NOAA

Selecciona un any o mes per veure el resum
2019: Gen Feb Mar abr Mai Jun jul Ago Set Oct Nov Des
2018: Gen Feb Mar abr Mai Jun jul Ago Set Oct Nov Des
2017: Gen Feb Mar abr Mai Jun jul Ago Set Oct Nov Des
2016: Gen Feb Mar abr Mai Jun jul Ago Set Oct Nov Des

Resum 2016 Febrer
                   MONTHLY CLIMATOLOGICAL SUMMARY for FEB. 2016

NAME: OAC_MPCA10   CITY: Corbera de Llobregat   STATE: Catalunya 
ELEV:   260 m  LAT:  41° 24' 34" N  LONG:   1° 55' 10" E

                   TEMPERATURE (°C), RAIN  (mm), WIND SPEED (km/hr)

                                      HEAT  COOL        AVG
    MEAN                              DEG   DEG         WIND                 DOM
DAY TEMP  HIGH   TIME   LOW    TIME   DAYS  DAYS  RAIN  SPEED HIGH   TIME    DIR
------------------------------------------------------------------------------------
 1  12.4  18.6   14:30   8.9   20:30   5.9   0.0   0.0   2.1  16.1    4:00     E
 2  10.8  16.7   13:00   6.3    7:00   7.5   0.0   0.0   1.0  11.3   12:00     E
 3  10.9  16.2   14:30   6.2   23:30   7.3   0.0   0.0   1.6  22.5   11:30     E
 4   8.2  14.1   13:30   4.3    6:00  10.1   0.0   0.0   1.6  17.7   11:30     E
 5  10.6  18.0   12:30   5.8    7:30   7.8   0.0   0.0   2.6  20.9   13:00   NNE
 6   8.9  12.0   14:30   6.4    6:30   9.4   0.0   0.0   0.2   9.7   15:00     E
 7  10.1  13.8   15:00   7.9    0:30   8.2   0.0   3.3   4.7  27.4    7:00     W
 8  11.3  18.1   14:30   6.1    6:00   7.0   0.0   0.0   2.6  25.7   16:00     E
 9  14.8  17.3   18:30  10.1    0:30   3.5   0.0   0.0   7.1  38.6   21:30    NW
10  12.7  15.7   11:00   8.4   00:00   5.7   0.0   1.0   5.1  45.1    2:30    NE
11   9.6  13.7   14:00   6.1   00:00   8.8   0.0   2.5   0.6  22.5   13:30     E
12  13.5  18.5   13:00   6.6    0:30   4.8   0.0   0.3   3.9  32.2   10:00    NE
13  16.4  21.5   12:00  10.8   22:30   2.5   0.7   7.9   6.3  30.6   12:00    NE
14  11.8  15.9   14:00   5.8   00:00   6.4   0.0   1.5   4.7  27.4    5:30     W
15   8.1  15.2   13:30   3.3   23:30  10.2   0.0   0.0   2.6  30.6   16:00     W
16   7.0  13.0   14:00   2.7    6:30  11.3   0.0   0.0   1.4  17.7    9:30     W
17   4.8  10.7   13:00   0.5    6:00  13.5   0.0   0.0   2.4  29.0   13:30    NE
18   5.5   9.9   14:00   1.1    1:30  12.8   0.0   0.0   1.0  12.9    9:00     E
19   6.4  13.0   13:00   1.6    6:30  11.9   0.0   0.0   2.4  19.3   13:30     E
20   7.9  16.6   13:30   0.1    6:00  10.4   0.0   0.0   2.1  22.5   15:30     E
21  12.3  20.2   12:00   4.8    4:00   6.1   0.1   0.0   3.1  25.7   14:30     E
22  13.1  18.8   13:30   7.8   22:30   5.3   0.0   0.3   2.3  20.9   14:00     E
23  11.4  17.4   14:30   7.1    3:00   6.9   0.0   0.0   1.6  25.7   10:30     E
24  11.0  17.6   12:30   5.5    3:30   7.3   0.0   0.0   3.4  30.6   14:30    NE
25  11.9  17.7   14:00   6.3    5:00   6.3   0.0   0.0   2.7  27.4   13:30   NNE
26   9.4  13.9   11:30   5.6    5:30   8.9   0.0   0.8   1.8  24.1   10:30     E
27   7.4  10.4    2:30   4.5   20:30  10.9   0.0  38.6   3.1  32.2    4:00    SE
28   8.1  12.6   14:30   5.1    1:30  10.2   0.0   5.8   2.7  24.1    9:30     W
29  10.3  16.3   14:30   5.7    1:30   8.0   0.0   0.0   6.0  33.8    9:30     W
-------------------------------------------------------------------------------------
    10.2  21.5    13     0.1    20   234.9   0.8  62.0   2.8  45.1    10       E

Max >=  32.0:  0
Max <=   0.0:  0
Min <=   0.0:  0
Min <= -18.0:  0
Max Rain: 38.61 ON 27/02/16
Days of Rain: 10 (> .2 mm) 5 (> 2 mm) 1 (> 20 mm)
Heat Base:  18.3  Cool Base:  18.3  Method: Integration