Resums Climàtics NOAA

Selecciona un any o mes per veure el resum
2019: Gen Feb Mar abr Mai Jun jul Ago Set Oct Nov Des
2018: Gen Feb Mar abr Mai Jun jul Ago Set Oct Nov Des
2017: Gen Feb Mar abr Mai Jun jul Ago Set Oct Nov Des
2016: Gen Feb Mar abr Mai Jun jul Ago Set Oct Nov Des

Resum 2016 Març
                   MONTHLY CLIMATOLOGICAL SUMMARY for MAR. 2016

NAME: OAC_MPCA10   CITY: Corbera de Llobregat   STATE: Catalunya 
ELEV:   260 m  LAT:  41° 24' 34" N  LONG:   1° 55' 10" E

                   TEMPERATURE (°C), RAIN  (mm), WIND SPEED (km/hr)

                                      HEAT  COOL        AVG
    MEAN                              DEG   DEG         WIND                 DOM
DAY TEMP  HIGH   TIME   LOW    TIME   DAYS  DAYS  RAIN  SPEED HIGH   TIME    DIR
------------------------------------------------------------------------------------
 1  10.5  15.7   13:00   5.2    3:30   7.8   0.0   0.0   5.3  33.8    2:00     W
 2  12.1  19.4   13:30   4.8    5:00   6.3   0.0   0.0   3.9  41.8   17:00     W
 3  10.4  16.3   14:00   6.1    6:00   7.9   0.0   0.0   4.8  24.1   14:30     W
 4  10.3  15.5   12:00   3.5    4:30   8.0   0.0   0.0   4.8  33.8   14:00    NE
 5   9.8  14.0   14:00   5.8    6:00   8.5   0.0   0.0   5.8  33.8    9:30     W
 6   7.9  14.2   13:30   3.8    6:00  10.4   0.0   0.3   2.7  22.5    2:00     W
 7   7.8  13.8   14:00   3.8    5:30  10.5   0.0   0.0   1.9  24.1   10:00     E
 8   7.9  14.3   14:00   3.3   00:00  10.4   0.0   0.0   2.1  25.7   15:00     W
 9   5.6   9.0   16:00   2.4    5:00  12.8   0.0   2.0   1.0  17.7   11:00     E
10   7.9  14.6   13:00   2.2    5:30  10.4   0.0   0.0   3.1  20.9   14:00     E
11   8.6  15.7   12:00   3.8    4:00   9.7   0.0   0.0   2.4  20.9   14:00     E
12   8.3  14.9   12:00   3.3   00:00  10.0   0.0   0.0   2.4  24.1   16:30     E
13   7.9  13.3   12:00   3.0    6:00  10.4   0.0   0.0   3.1  30.6   15:30   NNW
14   7.7  12.2   10:30   2.3    5:30  10.6   0.0   0.0   2.4  35.4   11:30     E
15   7.8  12.5   12:30   4.8    5:30  10.5   0.0   3.6   0.8  20.9   13:00     E
16   7.9  13.2   11:00   4.9   22:30  10.3   0.0  10.4   2.3  19.3   12:30     W
17   6.9  10.8   13:30   3.9    6:00  11.3   0.0   0.0   1.1  17.7   11:00     E
18   8.6  13.4   12:00   2.7    5:30   9.7   0.0   0.3   2.3  25.7   13:00     E
19   9.4  11.8   15:00   8.1    4:30   8.9   0.0   6.9   0.6  17.7   16:00     S
20  10.3  15.2   14:30   6.9   23:00   8.0   0.0  25.4   1.8  17.7   13:30     E
21  10.6  14.8   10:30   6.7    6:00   7.7   0.0   0.0   2.1  22.5   12:30     E
22  12.3  17.3   15:30   6.9    2:00   6.0   0.0   0.3   2.3  25.7   10:30     W
23  10.8  18.6   15:00   5.5   23:00   7.5   0.0   0.0   3.9  25.7    7:00     W
24  11.4  16.3   13:00   6.4    0:30   6.9   0.0   0.0   3.7  27.4   10:00    NE
25  10.8  17.2   11:30   5.9    5:30   7.5   0.0   0.8   1.9  20.9   12:00     E
26  12.5  18.3   12:30   7.2    3:00   5.8   0.0   0.0   5.3  35.4   16:00   NNE
27  12.0  16.1   11:00   7.4   00:00   6.0   0.0   0.0   4.8  30.6   13:30   NNW
28  13.6  19.9   13:30   7.2    5:30   4.8   0.0   0.0   3.1  25.7   13:30     W
29  15.7  22.2   14:00   9.8    6:30   3.4   0.7   0.0   3.4  29.0   12:00    NE
30  14.4  22.0   13:00   8.5    6:00   4.5   0.5   0.0   2.9  27.4   13:30     E
31  13.9  21.6   13:00   9.6    0:30   4.6   0.3   0.0   3.2  25.7   12:00    NW
-------------------------------------------------------------------------------------
    10.1  22.2    29     2.2    10   257.2   1.6  49.8   2.9  41.8     2       E

Max >=  32.0:  0
Max <=   0.0:  0
Min <=   0.0:  0
Min <= -18.0:  0
Max Rain: 25.40 ON 20/03/16
Days of Rain: 9 (> .2 mm) 5 (> 2 mm) 1 (> 20 mm)
Heat Base:  18.3  Cool Base:  18.3  Method: Integration