Resums Climàtics NOAA

Selecciona un any o mes per veure el resum
2019: Gen Feb Mar abr Mai Jun jul Ago Set Oct Nov Des
2018: Gen Feb Mar abr Mai Jun jul Ago Set Oct Nov Des
2017: Gen Feb Mar abr Mai Jun jul Ago Set Oct Nov Des
2016: Gen Feb Mar abr Mai Jun jul Ago Set Oct Nov Des

Resum 2016 abril
                   MONTHLY CLIMATOLOGICAL SUMMARY for APR. 2016

NAME: OAC_MPCA10   CITY: Corbera de Llobregat   STATE: Catalunya 
ELEV:   260 m  LAT:  41° 24' 34" N  LONG:   1° 55' 10" E

                   TEMPERATURE (°C), RAIN  (mm), WIND SPEED (km/hr)

                                      HEAT  COOL        AVG
    MEAN                              DEG   DEG         WIND                 DOM
DAY TEMP  HIGH   TIME   LOW    TIME   DAYS  DAYS  RAIN  SPEED HIGH   TIME    DIR
------------------------------------------------------------------------------------
 1   9.1  13.2   14:30   6.4    5:30   9.2   0.0  32.5   0.8  19.3   13:30     E
 2  10.9  17.3   16:00   7.6    2:30   7.4   0.0   0.0   0.8  16.1   16:30     E
 3  12.2  15.8   11:30   8.4    4:30   6.1   0.0   0.0   3.5  30.6   14:30    NE
 4  12.6  15.2   14:00   9.8    5:30   5.7   0.0  11.4   2.3  24.1   13:00   NNW
 5  12.2  13.1   11:00  10.9   22:30   6.1   0.0  54.4   4.3  49.9    6:00   NNW
 6  14.1  19.4   15:00  10.3    1:30   4.3   0.1   0.0   1.9  20.9   15:30     W
 7  12.7  18.8   12:30   7.8   00:00   5.6   0.0   0.0   3.2  24.1   14:00     W
 8   9.3  12.8   13:30   6.6    7:00   9.0   0.0   0.0   3.7  30.6   13:00   NNW
 9  11.5  19.7   14:30   6.1    6:00   6.9   0.0   0.0   4.2  30.6   17:30     W
10  12.1  17.9   11:30   5.7    5:00   6.2   0.0   0.0   4.8  37.0   13:30    NE
11  14.1  20.5   13:30   9.2    1:30   4.4   0.2   0.3   4.2  29.0   16:30    NE
12  15.0  21.2   14:00  10.3    5:30   3.6   0.3   0.0   4.3  30.6   15:00    NE
13  15.6  21.1   13:30   9.9   00:00   3.2   0.5   0.0   3.9  29.0   14:30   ENE
14  14.8  21.9   12:00   7.1    4:00   4.1   0.7   0.0   4.8  38.6   14:30    NE
15  15.3  22.7   13:30   8.8    5:00   3.7   0.7   0.0   2.6  22.5   13:30   WSW
16  17.4  24.5   12:00   9.4    4:00   2.5   1.5   0.0   5.3  37.0   15:30    NE
17  17.4  23.2   12:00  10.6   00:00   2.1   1.3   0.0   2.7  24.1   10:00     W
18  12.7  18.2   10:00   7.5   23:30   5.6   0.0   0.0   4.3  30.6   13:00     E
19  11.9  19.9   12:00   5.9    5:30   6.4   0.1   0.0   2.7  29.0   13:00     E
20  15.2  19.5   13:30   9.7    2:30   3.2   0.1   1.0   7.2  43.5   12:00   WSW
21  13.1  18.7   15:30  10.2    5:30   5.2   0.0  20.6   0.8  17.7   17:00    NE
22  14.1  18.0   16:00  10.7    3:00   4.2   0.0   0.0   1.0  17.7   14:00     E
23  13.4  19.9   15:00   8.7   22:00   5.0   0.2   6.9   2.6  32.2   16:30     E
24  13.4  20.9   14:00   7.9    3:30   5.1   0.2   0.3   3.7  30.6   14:30    NW
25  11.6  15.9   14:00   5.8    5:30   6.8   0.0   0.0   5.3  37.0   12:30    NE
26  12.9  18.9   14:00   5.3    5:00   5.3   0.0   0.0   3.1  25.7   15:00   NNW
27  11.8  14.2    9:00   9.4   00:00   6.5   0.0   5.1   2.1  24.1   10:00   WSW
28  10.1  12.7   15:30   8.8   23:30   8.2   0.0   5.8   0.3  11.3    5:30    NE
29  12.6  17.6   13:30   9.3    2:00   5.8   0.0   0.0   3.2  30.6   16:00    NE
30  11.6  17.7   13:00   6.4   00:00   6.7   0.0   3.3   3.2  33.8   13:30   NNW
-------------------------------------------------------------------------------------
    13.0  24.5    16     5.3    26   164.1   5.9 141.5   3.2  49.9     5      NE

Max >=  32.0:  0
Max <=   0.0:  0
Min <=   0.0:  0
Min <= -18.0:  0
Max Rain: 54.36 ON 05/04/16
Days of Rain: 11 (> .2 mm) 8 (> 2 mm) 3 (> 20 mm)
Heat Base:  18.3  Cool Base:  18.3  Method: Integration