Resums Climàtics NOAA

Selecciona un any o mes per veure el resum
2019: Gen Feb Mar abr Mai Jun jul Ago Set Oct Nov Des
2018: Gen Feb Mar abr Mai Jun jul Ago Set Oct Nov Des
2017: Gen Feb Mar abr Mai Jun jul Ago Set Oct Nov Des
2016: Gen Feb Mar abr Mai Jun jul Ago Set Oct Nov Des

Resum 2016 Maig
                   MONTHLY CLIMATOLOGICAL SUMMARY for MAY. 2016

NAME: OAC_MPCA10   CITY: Corbera de Llobregat   STATE: Catalunya 
ELEV:   260 m  LAT:  41° 24' 34" N  LONG:   1° 55' 10" E

                   TEMPERATURE (°C), RAIN  (mm), WIND SPEED (km/hr)

                                      HEAT  COOL        AVG
    MEAN                              DEG   DEG         WIND                 DOM
DAY TEMP  HIGH   TIME   LOW    TIME   DAYS  DAYS  RAIN  SPEED HIGH   TIME    DIR
------------------------------------------------------------------------------------
 1  11.7  18.7   15:30   5.6    5:30   6.7   0.0   0.0   3.4  29.0   11:00     W
 2  14.4  21.9   17:00   7.3    5:00   4.7   0.7   0.0   3.5  24.1    8:00     W
 3  14.4  20.2   13:00   7.8    4:30   4.2   0.3   0.0   3.2  24.1   12:00     E
 4  14.8  21.6   13:30   7.4    5:00   4.3   0.8   0.0   3.9  35.4   15:00     E
 5  14.5  20.3   13:00   8.1    5:00   4.1   0.3   0.0   4.3  24.1   14:30     W
 6  14.0  17.9   15:00  11.1    5:30   4.3   0.0   1.8   2.3  22.5   14:00   WSW
 7  13.8  18.1   15:30  10.2   00:00   4.5   0.0   0.3   1.6  19.3   16:30   WSW
 8  13.2  16.1   14:00   9.2    1:30   5.1   0.0   4.6   1.8  16.1   12:00   WSW
 9  14.6  15.9   18:00  11.3   00:00   3.7   0.0   9.1   1.6  20.9   16:30   SSW
10  14.4  19.1   11:30  10.6    3:00   3.9   0.1  10.4   1.3  14.5   16:00     E
11  14.6  20.6   15:00  10.2    2:30   4.0   0.2   0.3   3.4  30.6   17:00    NE
12  15.3  21.7   11:30   8.1    4:30   3.7   0.7   0.0   3.1  29.0   17:30    NE
13  15.8  23.0   14:00  10.5    2:30   3.2   0.7   0.0   2.3  22.5   17:00   ENE
14  16.8  23.8   13:00  11.6    5:00   2.6   1.1   0.0   2.9  27.4   13:00     E
15  17.2  23.3   14:30  11.8    3:00   2.3   1.1   0.0   3.1  25.7   16:00     E
16  15.8  21.3   11:00  10.0   00:00   3.1   0.7   0.0   3.1  24.1   17:00     E
17  14.4  19.2   10:30   9.4    2:30   4.0   0.0   0.0   4.0  41.8   13:00     E
18  16.1  21.1   10:30  10.2    4:00   2.7   0.5   0.0   5.0  43.5   16:30    NE
19  16.7  23.1   12:00  12.8    4:30   2.3   0.7   0.0   3.7  29.0   14:30   NNW
20  17.1  21.8   11:30  11.4    5:00   2.1   0.9   0.0   2.9  24.1   12:30    NE
21  17.4  22.4   10:30  12.3   00:00   2.1   1.2   0.0   3.9  29.0   11:00    NE
22  15.7  21.2   12:30  11.1   00:00   2.9   0.3   7.1   3.2  29.0   14:00    NE
23  14.4  21.6   13:30   8.7    1:30   4.4   0.5   0.0   4.5  33.8   18:00     E
24  15.3  20.8   13:30   8.7    1:30   3.5   0.5   0.0   3.1  32.2   14:30    NE
25  18.0  23.2   14:00  11.9    3:30   1.7   1.4   0.0   2.4  17.7   11:00     W
26  17.7  22.5   14:30  12.4   00:00   1.6   1.1   0.0   3.7  25.7   14:00     W
27  18.2  25.7   12:00  11.6    2:30   2.1   2.0   0.0   2.7  27.4   13:00     E
28  17.7  23.6   12:30  12.7    3:00   2.0   1.3   5.8   3.1  29.0   14:00     W
29  19.0  25.3   15:00  12.3   00:00   1.3   2.0   0.0   5.1  38.6   17:00     W
30  17.1  22.7   14:30  10.6    4:30   2.4   1.1   0.0   2.9  24.1   11:30     E
31  16.6  22.2   15:00  10.3    4:30   2.6   0.9   0.0   2.9  22.5   13:00    NW
-------------------------------------------------------------------------------------
    15.7  25.7    27     5.6     1   101.9  21.3  39.4   3.2  43.5    18       E

Max >=  32.0:  0
Max <=   0.0:  0
Min <=   0.0:  0
Min <= -18.0:  0
Max Rain: 10.41 ON 10/05/16
Days of Rain: 8 (> .2 mm) 5 (> 2 mm) 0 (> 20 mm)
Heat Base:  18.3  Cool Base:  18.3  Method: Integration