Resums Climàtics NOAA

Selecciona un any o mes per veure el resum
2019: Gen Feb Mar abr Mai Jun jul Ago Set Oct Nov Des
2018: Gen Feb Mar abr Mai Jun jul Ago Set Oct Nov Des
2017: Gen Feb Mar abr Mai Jun jul Ago Set Oct Nov Des
2016: Gen Feb Mar abr Mai Jun jul Ago Set Oct Nov Des

Resum 2016 Juny
                   MONTHLY CLIMATOLOGICAL SUMMARY for JUN. 2016

NAME: OAC_MPCA10   CITY: Corbera de Llobregat   STATE: Catalunya 
ELEV:   260 m  LAT:  41° 24' 34" N  LONG:   1° 55' 10" E

                   TEMPERATURE (°C), RAIN  (mm), WIND SPEED (km/hr)

                                      HEAT  COOL        AVG
    MEAN                              DEG   DEG         WIND                 DOM
DAY TEMP  HIGH   TIME   LOW    TIME   DAYS  DAYS  RAIN  SPEED HIGH   TIME    DIR
------------------------------------------------------------------------------------
 1  16.8  23.4   11:30  11.1    3:30   2.7   1.2   0.0   4.0  27.4   17:30   NNW
 2  17.2  23.4   11:30  10.7    3:00   2.6   1.5   0.0   3.1  29.0   13:30     E
 3  18.6  25.7   12:30  11.2    4:00   2.0   2.3   0.0   3.9  29.0   14:30     E
 4  18.8  23.7   11:00  13.2    3:00   1.1   1.6   0.0   1.9  24.1   12:00     E
 5  19.9  25.8   12:30  13.4    4:00   1.2   2.8   0.0   4.2  29.0   17:00    NE
 6  20.4  27.3   13:00  13.6    5:00   1.0   3.1   0.0   3.7  30.6   16:00     E
 7  21.9  28.3   13:30  14.3    4:30   0.6   4.2   0.0   3.9  25.7   10:30     E
 8  22.4  28.0    9:30  16.8    4:30   0.2   4.4   0.0   4.0  29.0   12:30     E
 9  22.3  27.8   12:00  15.1    5:00   0.4   4.5   0.0   4.2  30.6   13:30     E
10  21.4  26.2   12:00  16.2    5:00   0.3   3.4   0.0   3.9  27.4   14:00   NNW
11  19.7  23.9   11:00  14.7   23:30   0.7   2.0   0.0   3.4  25.7   17:00   NNW
12  20.8  28.9   13:00  15.4    0:30   0.6   3.1   0.0   2.4  25.7   17:00     E
13  21.0  25.2   15:30  16.3    0:30   0.2   2.9   0.0   3.4  25.7   12:00   NNW
14  22.4  28.7   14:00  14.7    5:00   0.3   4.4   0.0   3.7  32.2   12:00    NW
15  19.9  23.7   11:30  14.8    5:00   0.6   2.2   0.5   4.3  30.6   13:00   NNW
16  19.1  24.8   15:30  15.2    0:30   0.9   1.7   0.0   4.8  37.0   16:30    NW
17  18.6  23.0   16:30  12.7    5:00   0.9   1.2   0.0   4.5  30.6   12:00    NE
18  15.8  22.6   12:30  11.7   21:00   3.0   0.4   4.8   2.6  35.4   14:30     E
19  18.4  24.4   15:00  12.1    3:00   1.9   2.0   0.0   3.2  27.4   15:00    NE
20  19.2  24.7   16:30  11.7    3:00   1.5   2.4   0.0   3.5  25.7   13:30     E
21  22.7  29.3   13:30  14.3    4:30   0.5   4.9   0.0   4.2  33.8   16:00    NE
22  24.2  30.5   14:00  16.4   00:00   0.1   6.0   0.0   3.4  25.7   11:00    NE
23  23.3  28.8   15:00  15.8    5:00   0.4   5.4   0.0   5.6  38.6   13:30     E
24  23.7  29.9   12:30  15.1    5:00   0.3   5.7   0.0   3.9  25.7   11:30    NE
25  23.0  29.8   12:30  17.6    5:00   0.0   4.7   0.0   4.2  30.6   12:00     E
26  22.0  27.3   12:30  17.1    1:30   0.1   3.8   0.0   3.7  29.0   16:30    NE
27  21.3  27.1   11:00  16.3   00:00   0.3   3.4   0.0   4.2  32.2   12:30     E
28  22.7  27.9   11:30  16.1    1:00   0.2   4.6   0.0   4.3  35.4   13:30    NE
29  23.7  29.1   12:30  18.7    5:30   0.0   5.4   0.0   2.9  22.5   11:00    NE
30  23.1  27.3   12:00  18.4   00:00   0.0   4.8   0.0   4.2  27.4   11:30   NNW
-------------------------------------------------------------------------------------
    20.8  30.5    22    10.7     2    24.7  99.9   5.3   3.8  38.6    23       E

Max >=  32.0:  0
Max <=   0.0:  0
Min <=   0.0:  0
Min <= -18.0:  0
Max Rain: 4.83 ON 18/06/16
Days of Rain: 2 (> .2 mm) 1 (> 2 mm) 0 (> 20 mm)
Heat Base:  18.3  Cool Base:  18.3  Method: Integration