Resums Climàtics NOAA

Selecciona un any o mes per veure el resum
2019: Gen Feb Mar abr Mai Jun jul Ago Set Oct Nov Des
2018: Gen Feb Mar abr Mai Jun jul Ago Set Oct Nov Des
2017: Gen Feb Mar abr Mai Jun jul Ago Set Oct Nov Des
2016: Gen Feb Mar abr Mai Jun jul Ago Set Oct Nov Des

Resum 2016 juliol
                   MONTHLY CLIMATOLOGICAL SUMMARY for JUL. 2016

NAME: OAC_MPCA10   CITY: Corbera de Llobregat   STATE: Catalunya 
ELEV:   260 m  LAT:  41° 24' 34" N  LONG:   1° 55' 10" E

                   TEMPERATURE (°C), RAIN  (mm), WIND SPEED (km/hr)

                                      HEAT  COOL        AVG
    MEAN                              DEG   DEG         WIND                 DOM
DAY TEMP  HIGH   TIME   LOW    TIME   DAYS  DAYS  RAIN  SPEED HIGH   TIME    DIR
------------------------------------------------------------------------------------
 1  23.7  30.1   16:00  17.1    4:30   0.1   5.5   0.0   3.7  29.0   15:00     E
 2  22.2  27.6   11:00  16.7    3:30   0.2   4.1   0.0   4.5  30.6   13:00   NNW
 3  22.3  26.6   12:30  17.9   00:00   0.0   4.0   0.0   3.5  30.6   13:00    NE
 4  23.3  29.4   15:00  17.1    5:00   0.1   5.1   0.0   3.2  27.4   10:30     E
 5  24.8  29.6   13:30  18.3    3:30   0.0   6.5   0.0   3.2  25.7   13:00     E
 6  25.5  30.7   12:00  19.8   00:00   0.0   7.2   0.0   4.5  40.2   16:00    NE
 7  25.3  30.9   14:00  18.9    3:30   0.0   7.0   0.0   3.9  32.2   14:30    NE
 8  26.7  31.8   14:00  21.2   00:00   0.0   8.3   0.0   3.4  30.6   13:30     E
 9  26.4  33.4   12:30  20.1    3:00   0.0   8.1   0.0   3.9  33.8   14:30     E
10  27.3  34.6   12:00  20.8   00:00   0.0   9.0   0.0   3.9  29.0   12:00     E
11  26.1  31.7   16:00  20.6    1:00   0.0   7.8   0.0   4.0  27.4   11:00     E
12  23.8  27.4   11:30  20.6    4:30   0.0   5.5   0.0   4.5  29.0   13:00   NNW
13  22.1  29.2   14:00  18.0    5:30   0.0   3.8   0.3   4.0  38.6   17:00   NNE
14  20.7  25.8   12:00  15.7    5:00   0.3   2.7   0.0   5.0  35.4   14:30   NNW
15  20.7  27.1   11:30  14.1    5:00   0.9   3.3   0.0   3.9  33.8   17:00   NNE
16  21.3  27.4   12:30  14.4    5:00   0.7   3.7   0.0   3.7  32.2   13:00     E
17  23.5  29.8   13:30  16.3    5:00   0.2   5.4   0.0   3.5  30.6   12:30     E
18  21.8  27.6   11:30  15.3    5:00   0.6   4.2   0.0   3.9  33.8   12:00     E
19  23.4  30.9   14:30  14.6    5:00   0.5   5.6   0.0   3.5  25.7   10:00    NE
20  25.3  34.1   15:30  17.1    4:00   0.1   7.1   0.3   4.2  37.0   18:00    NE
21  24.1  27.9   13:30  20.1    5:00   0.0   5.8   1.0   3.2  25.7   14:30     E
22  22.9  29.7   14:00  17.5   00:00   0.1   4.7  13.2   2.6  25.7   16:30     E
23  22.9  28.9   14:00  17.9    2:00   0.0   4.6   0.0   3.2  25.7   15:00    NW
24  24.1  31.3   12:30  19.1   00:00   0.0   5.8   0.0   3.2  27.4   14:30     E
25  25.1  31.1   12:00  18.4    1:30   0.0   6.8   0.0   4.7  43.5   15:00     E
26  25.1  31.8   11:00  18.8    2:30   0.0   6.8   0.0   4.0  35.4   15:30    NE
27  24.3  30.4   13:00  18.3    5:00   0.0   6.0   0.0   3.7  33.8   15:00    NE
28  24.1  30.1   14:00  18.2    4:30   0.0   5.8   0.0   3.7  29.0   12:30    NE
29  24.6  30.6   13:30  18.8    4:00   0.0   6.3   0.0   4.3  33.8   13:30     E
30  25.7  31.8   14:00  19.7    5:00   0.0   7.4   0.0   4.0  27.4   12:30   NNE
31  25.1  33.6   14:30  20.3    4:30   0.0   6.7   0.0   3.4  29.0   15:30     E
-------------------------------------------------------------------------------------
    24.0  34.6    10    14.1    15     3.8 180.5  14.7   3.8  43.5    25       E

Max >=  32.0:  4
Max <=   0.0:  0
Min <=   0.0:  0
Min <= -18.0:  0
Max Rain: 13.21 ON 22/07/16
Days of Rain: 4 (> .2 mm) 1 (> 2 mm) 0 (> 20 mm)
Heat Base:  18.3  Cool Base:  18.3  Method: Integration