Resums Climàtics NOAA

Selecciona un any o mes per veure el resum
2019: Gen Feb Mar abr Mai Jun jul Ago Set Oct Nov Des
2018: Gen Feb Mar abr Mai Jun jul Ago Set Oct Nov Des
2017: Gen Feb Mar abr Mai Jun jul Ago Set Oct Nov Des
2016: Gen Feb Mar abr Mai Jun jul Ago Set Oct Nov Des

Resum 2016 Agost
                   MONTHLY CLIMATOLOGICAL SUMMARY for AUG. 2016

NAME: OAC_MPCA10   CITY: Corbera de Llobregat   STATE: Catalunya 
ELEV:   260 m  LAT:  41° 24' 34" N  LONG:   1° 55' 10" E

                   TEMPERATURE (°C), RAIN  (mm), WIND SPEED (km/hr)

                                      HEAT  COOL        AVG
    MEAN                              DEG   DEG         WIND                 DOM
DAY TEMP  HIGH   TIME   LOW    TIME   DAYS  DAYS  RAIN  SPEED HIGH   TIME    DIR
------------------------------------------------------------------------------------
 1  24.6  30.3   12:00  21.6    5:30   0.0   6.3   0.0   4.8  40.2   15:00    NE
 2  25.2  30.3   11:00  20.5   23:30   0.0   6.9   0.0   4.2  30.6   16:00    NE
 3  25.4  31.4   12:30  19.9    5:30   0.0   7.2   0.0   4.0  30.6   15:00    NE
 4  26.5  32.9   12:30  19.9    5:30   0.0   8.2   0.0   4.3  35.4   15:30    NE
 5  23.4  26.6   12:00  19.9   00:00   0.0   5.1   0.3   4.8  32.2   11:00    NE
 6  23.7  30.3   15:30  19.0    5:30   0.0   5.4   0.0   2.9  25.7   13:30     E
 7  23.1  27.6   13:30  18.3    5:30   0.0   4.7   0.0   3.9  37.0   14:00     E
 8  25.5  33.2   11:30  16.9    5:00   0.1   7.3   0.0   4.7  38.6   12:30    NE
 9  24.4  30.8   14:00  18.1   00:00   0.0   6.1   2.5   4.3  32.2   14:00   NNW
10  20.6  24.3   13:00  17.4   00:00   0.1   2.4   0.3   3.1  27.4   13:30     E
11  20.4  26.2   11:00  16.1    4:00   0.5   2.7   0.0   4.2  32.2   14:00   NNW
12  22.4  29.6   11:30  16.4    1:00   0.4   4.5   0.0   3.1  25.7   13:30     E
13  21.9  27.2   14:00  16.3    5:00   0.3   3.9   0.0   3.2  29.0   14:30     E
14  22.2  29.1   14:00  15.1    4:30   0.6   4.5   0.0   3.2  25.7   14:30     E
15  23.6  30.7   13:00  16.3    2:30   0.3   5.6   0.0   3.7  30.6   14:30    NE
16  24.1  29.0   11:30  20.1    4:30   0.0   5.8   0.0   3.4  32.2   12:30    NE
17  25.1  32.3   13:30  19.6    5:30   0.0   6.8   0.0   3.1  27.4   14:30   WSW
18  23.4  27.6   11:00  19.6    5:00   0.0   5.1   0.0   3.7  25.7   14:00   NNW
19  25.0  31.8   14:00  18.6    4:30   0.0   6.7   0.0   2.9  24.1   16:30     E
20  23.4  27.7   12:00  19.6    5:30   0.0   5.1   0.0   3.2  33.8   12:00     W
21  23.5  29.4   12:00  19.1    6:30   0.0   5.2   0.0   4.2  32.2   15:00    NE
22  23.4  29.8   15:30  18.1    5:30   0.0   5.1   0.0   3.5  25.7   13:00     E
23  23.0  29.1   12:30  17.0    4:00   0.2   4.8   0.0   3.5  25.7   13:00     E
24  23.8  31.9   15:30  16.3    5:30   0.3   5.8   0.0   2.9  20.9   12:00     E
25  22.9  29.6   11:00  16.7    5:30   0.2   4.8   0.0   3.4  22.5   11:00     E
26  22.1  29.3   12:30  15.5    5:00   0.6   4.4   0.0   3.1  29.0   13:30     E
27  22.8  30.3   12:00  15.2    5:30   0.5   5.0   0.0   3.5  32.2   14:00     E
28  24.7  31.2   12:30  19.6    3:00   0.0   6.3   0.0   3.2  22.5   12:00     E
29  23.1  26.7   16:00  20.2    4:00   0.0   4.8   0.3   1.0  17.7   17:00    NE
30  21.7  24.8   12:30  18.2   22:30   0.0   3.4   0.3   1.9  25.7   15:30    NE
31  22.7  27.9   12:30  18.4    0:30   0.0   4.4   0.0   3.4  27.4   12:30     E
-------------------------------------------------------------------------------------
    23.5  33.2     8    15.1    14     4.0 164.4   3.6   3.5  40.2     1       E

Max >=  32.0:  3
Max <=   0.0:  0
Min <=   0.0:  0
Min <= -18.0:  0
Max Rain: 2.54 ON 09/08/16
Days of Rain: 5 (> .2 mm) 1 (> 2 mm) 0 (> 20 mm)
Heat Base:  18.3  Cool Base:  18.3  Method: Integration