Resums Climàtics NOAA

Selecciona un any o mes per veure el resum
2019: Gen Feb Mar abr Mai Jun jul Ago Set Oct Nov Des
2018: Gen Feb Mar abr Mai Jun jul Ago Set Oct Nov Des
2017: Gen Feb Mar abr Mai Jun jul Ago Set Oct Nov Des
2016: Gen Feb Mar abr Mai Jun jul Ago Set Oct Nov Des

Resum 2016 Setembre
                   MONTHLY CLIMATOLOGICAL SUMMARY for SEP. 2016

NAME: OAC_MPCA10   CITY: Corbera de Llobregat   STATE: Catalunya 
ELEV:   260 m  LAT:  41° 24' 34" N  LONG:   1° 55' 10" E

                   TEMPERATURE (°C), RAIN  (mm), WIND SPEED (km/hr)

                                      HEAT  COOL        AVG
    MEAN                              DEG   DEG         WIND                 DOM
DAY TEMP  HIGH   TIME   LOW    TIME   DAYS  DAYS  RAIN  SPEED HIGH   TIME    DIR
------------------------------------------------------------------------------------
 1  24.4  30.2   11:00  19.2    3:00   0.0   6.1   0.0   3.9  29.0   15:30     E
 2  24.3  31.5   12:30  17.6    5:30   0.0   6.0   0.0   4.2  37.0   14:30    NE
 3  26.1  33.1   12:00  19.1    5:30   0.0   7.8   0.0   3.5  37.0   14:00    NE
 4  26.9  34.6   14:30  19.4    4:30   0.0   8.6   0.0   2.4  22.5   15:30     E
 5  26.1  32.1   16:00  20.4   00:00   0.0   7.8   0.0   3.5  30.6   11:00     E
 6  24.9  32.0   12:30  19.4    6:00   0.0   6.6   0.0   4.0  35.4   15:00     E
 7  22.9  27.4   14:00  18.2    6:00   0.0   4.6   0.0   3.4  33.8    9:30   WSW
 8  22.3  27.1   14:00  17.4    5:30   0.1   4.1   0.0   2.9  25.7   14:00     E
 9  23.7  28.7   14:30  19.8    0:30   0.0   5.4   0.0   2.4  32.2   15:30     E
10  22.7  28.0   16:00  16.9    5:30   0.1   4.4   1.8   2.4  24.1   15:00     E
11  23.4  29.7   11:30  16.9    6:00   0.1   5.2   0.0   2.9  25.7   15:00    NE
12  23.3  29.4   12:30  18.5    6:30   0.0   5.0   0.0   3.1  32.2   15:00    NE
13  22.6  28.9   13:30  16.2   23:30   0.2   4.4  33.5   3.2  25.7   14:00   NNW
14  18.7  24.6   13:00  13.3   21:30   1.3   1.7   3.3   1.9  29.0   19:30     W
15  17.4  23.2   13:30  11.8    6:00   2.0   1.1   0.3   2.4  33.8   13:30    NE
16  19.1  25.6   15:30  13.2    4:30   1.4   2.1   0.0   2.6  25.7   16:00     E
17  17.7  23.2   15:30  15.1   00:00   1.3   0.7   1.3   2.3  24.1   16:00    NE
18  16.8  23.3   14:30  11.6    5:30   2.6   1.0   0.0   1.9  22.5   15:00     E
19  19.7  27.1   14:00  13.9    0:30   1.2   2.6   0.0   3.1  27.4   15:00    NE
20  18.3  23.9   14:00  13.9    3:30   1.5   1.5   0.0   1.6  17.7   14:30     E
21  19.2  25.4   13:00  14.1    5:30   1.4   2.3   0.0   2.6  27.4   13:30     E
22  18.9  24.2   11:30  14.0    5:30   1.2   1.8   0.0   2.6  25.7   13:30     E
23  19.0  23.9   12:30  14.4   00:00   0.9   1.6   5.6   1.8  25.7   20:30     E
24  17.8  23.2   15:00  13.9    0:30   1.6   1.2   0.0   2.3  22.5   13:30     E
25  18.2  23.6   16:00  14.1   00:00   1.7   1.6   1.0   2.1  29.0   18:00     E
26  17.9  23.1   14:00  12.9    3:00   1.8   1.4   0.0   1.6  19.3   13:30     E
27  19.8  24.1   12:00  16.0    3:30   0.6   2.1   0.8   2.6  22.5   15:00   NNW
28  18.9  25.4   13:00  13.1    6:30   1.4   2.0   0.0   2.6  30.6   13:00     W
29  18.3  25.5   13:00  13.3    6:30   1.8   1.8   0.3   2.3  25.7   15:00     E
30  18.6  26.1   12:00  13.7    6:30   1.7   2.0   0.3   2.4  24.1   13:30     E
-------------------------------------------------------------------------------------
    20.9  34.6     4    11.6    18    26.1 104.8  48.0   2.7  37.0     2       E

Max >=  32.0:  4
Max <=   0.0:  0
Min <=   0.0:  0
Min <= -18.0:  0
Max Rain: 33.53 ON 13/09/16
Days of Rain: 10 (> .2 mm) 3 (> 2 mm) 1 (> 20 mm)
Heat Base:  18.3  Cool Base:  18.3  Method: Integration