Resums Climàtics NOAA

Selecciona un any o mes per veure el resum
2019: Gen Feb Mar abr Mai Jun jul Ago Set Oct Nov Des
2018: Gen Feb Mar abr Mai Jun jul Ago Set Oct Nov Des
2017: Gen Feb Mar abr Mai Jun jul Ago Set Oct Nov Des
2016: Gen Feb Mar abr Mai Jun jul Ago Set Oct Nov Des

Resum 2016 Octubre
                   MONTHLY CLIMATOLOGICAL SUMMARY for OCT. 2016

NAME: OAC_MPCA10   CITY: Corbera de Llobregat   STATE: Catalunya 
ELEV:   260 m  LAT:  41° 24' 34" N  LONG:   1° 55' 10" E

                   TEMPERATURE (°C), RAIN  (mm), WIND SPEED (km/hr)

                                      HEAT  COOL        AVG
    MEAN                              DEG   DEG         WIND                 DOM
DAY TEMP  HIGH   TIME   LOW    TIME   DAYS  DAYS  RAIN  SPEED HIGH   TIME    DIR
------------------------------------------------------------------------------------
 1  19.3  25.3   13:30  14.4    0:30   1.1   2.1   0.3   2.3  30.6    9:30     E
 2  19.4  23.6   12:00  16.3    5:30   0.5   1.6   0.0   2.1  19.3   13:30     E
 3  19.2  22.7   15:30  16.1   00:00   0.4   1.3   0.0   2.3  20.9   13:30   NNW
 4  19.2  24.0   11:30  15.8    1:00   0.5   1.4   0.0   2.4  19.3   11:30   NNW
 5  18.5  24.1   12:30  13.4    6:30   1.4   1.5   0.3   2.3  22.5   14:30     E
 6  15.1  18.2   15:00  11.6   22:00   3.2   0.0  27.4   1.3  25.7   17:30     E
 7  16.7  23.3   15:00  10.6    5:00   2.6   1.0   0.3   1.6  22.5   13:30     E
 8  17.9  20.8   13:30  15.1    3:30   0.9   0.5   0.0   2.3  22.5   13:00   NNW
 9  15.7  17.7    0:30  13.4   00:00   2.6   0.0   0.0   0.3  16.1    1:00   SSW
10  13.9  15.4   16:00  10.9   00:00   4.4   0.0   1.0   0.2  11.3    6:30     E
11  13.8  17.7   12:30  10.4   00:00   4.5   0.0   0.3   2.4  32.2   13:00     E
12  12.9  17.3   10:30   8.6    5:00   5.4   0.0  16.5   0.3   9.7   11:00     E
13  15.6  17.7   15:00  13.9    0:30   2.7   0.0  22.4   0.3  12.9   22:30    NE
14  14.7  19.6   13:30  11.2   23:30   3.7   0.1   2.5   1.3  17.7   10:00    NE
15  15.6  23.0   14:00  10.7    6:00   3.6   0.9   0.5   1.4  20.9   12:00     E
16  16.2  22.6   12:30  11.2    6:30   3.0   0.9   0.3   1.6  20.9   14:00     E
17  16.4  21.8   12:30  13.2    3:30   2.4   0.5   0.3   0.2  11.3   13:30     E
18  17.2  21.7   12:00  13.2    7:00   1.8   0.7   0.0   2.7  27.4   15:30    NE
19  15.9  19.3   11:30  12.8    6:30   2.5   0.0   0.0   1.4  19.3   12:00    NE
20  14.5  16.2   14:00  13.0    6:30   3.8   0.0   0.0   1.8  20.9   14:30   NNW
21  11.9  13.3    0:30  10.7    9:30   6.4   0.0   0.0   0.0   6.4   10:30   ESE
22  13.7  16.2   16:30  11.8    3:00   4.6   0.0  10.9   0.2   8.0   12:30     E
23  17.1  22.8   14:30  13.8    0:30   2.0   0.8   0.0   1.0  22.5   14:30    NE
24  18.1  23.7   14:00  14.5    4:30   1.3   1.0   1.3   1.3  22.5   23:30     E
25  17.4  20.5   15:30  15.8   00:00   1.1   0.2   4.1   0.2   8.0    4:00     E
26  17.5  21.7   14:00  14.9    7:00   1.5   0.6   0.3   0.3   9.7    1:30     E
27  16.6  21.1   15:00  13.7    7:00   2.1   0.3   0.3   0.5  14.5   15:00     E
28  16.1  22.4   13:30  12.2    6:30   2.7   0.5   0.5   1.1  16.1   15:30     E
29  15.6  23.8   14:00  10.2    7:00   3.7   0.9   0.3   0.8  12.9   10:30     E
30  14.6  20.1   12:30   9.6    5:30   3.9   0.2   0.3   1.0  14.5   13:00     E
31  13.8  17.8   11:30  10.9    2:30   4.5   0.0   0.3   0.5  12.9   13:30     E
-------------------------------------------------------------------------------------
    16.1  25.3     1     8.6    12    84.7  17.2  89.9   1.2  32.2    11       E

Max >=  32.0:  0
Max <=   0.0:  0
Min <=   0.0:  0
Min <= -18.0:  0
Max Rain: 27.43 ON 06/10/16
Days of Rain: 21 (> .2 mm) 6 (> 2 mm) 2 (> 20 mm)
Heat Base:  18.3  Cool Base:  18.3  Method: Integration